ose 7*w = 3*w + 8. Let o(v) = v. Let x be o(w). Suppose 3*b - 85 = -5*q - x*b, -4*q + 59 = b. What are the prime factors of q?
2, 7
Let b be 1269*((-52)/(-12) - 4). Suppose 0 = 5*t + 4*w - 552, b = 4*t - 0*t - 3*w. What are the prime factors of t?
2, 3
Suppose 48 = -35*l + 39*l. List the prime factors of (-200)/l*24/(-5).
2, 5
Let t be (-2)/6 - 285/9. What are the prime factors of t/(((-12)/(-8))/(-1 - 2))?
2
Suppose z = -3*z - 80. Let o = z - -57. What are the prime factors of o?
37
Let l be (-156)/(-9) + (-2)/(-3). Suppose -6 = 4*b - l. Suppose b*p - 42 = p. What are the prime factors of p?
3, 7
Let n(j) = -58*j + 781. List the prime factors of n(-35).
3, 937
Let j(g) = -44*g + 144. What are the prime factors of j(-13)?
2, 179
Suppose -2*s = j + j - 2, -2*j + 8 = -s. Suppose -j*q - 14 + 134 = 0. What are the prime factors of (q/14)/(4/14)?
2, 5
Suppose 4*j - 1935 = -3*x, -x + j + 675 - 30 = 0. What are the prime factors of x?
3, 5, 43
Let p(o) = 2*o**3 - 14*o**2 + 18*o - 45. List the prime factors of p(9).
3, 7
Let p = 19 + -17. List the prime factors of 1 + p + 0 + 30.
3, 11
Suppose -11781 = -70*g + 61*g. What are the prime factors of g?
7, 11, 17
Suppose -2 = 2*h + p - 22, 5*h - p = 50. Suppose 2 = 5*v - 2*k, v + 5*k - h = 12. Suppose -v*w + 192 = 4*w. What are the prime factors of w?
2
Suppose 2*b - 3*b - 3*x = -9, -5*x - 18 = -2*b. Suppose -760 = -b*g + 1499. What are the prime factors of g?
251
Let m(d) = 2*d**3 + 39*d**2 + 32*d - 20. What are the prime factors of m(9)?
5, 977
Let a(c) = 83*c + 16. Let v be a(-5). Let h = 601 + v. What are the prime factors of h?
2, 101
Suppose 2*x - 4*i - 856 = 0, 574 = 2*x + 5*i - 291. List the prime factors of x.
2, 5, 43
Suppose -5*v = -z - 860 - 1102, 5*z = -2*v + 774. List the prime factors of v.
2, 7
Let w = 5 - 16. Let v = 15 + w. What are the prime factors of (v/(-2))/(-2) + 26?
3
Let w(i) = 30*i**2 + 52*i - 495. What are the prime factors of w(11)?
11, 337
Let g(l) = 17*l**3 + l**2 - 2*l - 1. What are the prime factors of g(4)?
3, 5, 73
Suppose 0 = 4*s - n - 1069, 5*s - 1388 = 2*n - 54. Suppose g - 5*g + s = 0. List the prime factors of g.
67
Suppose -6*h - 1077 = -7425. What are the prime factors of h?
2, 23
Suppose 12*o - 15*o + 81 = 0. Let y be o + (9/3 - 5). Suppose -5*m + y = 0, 2*m + 20 = l - 18. List the prime factors of l.
2, 3
Suppose 2*t + 4 = -3*j, -3*j + t + 3*t - 10 = 0. Let g be ((2 - -9) + j)*1. Let h = -1 + g. What are the prime factors of h?
2
Let k(o) = -17*o - 2. Let p = -2 - -5. Suppose n - 8 = p*n. List the prime factors of k(n).
2, 3, 11
Let s(x) = x**3 + 4*x**2 - x - 3. Let a be s(-4). Suppose 0 = g - 1 - a. Suppose -g = -c - 4*o, 0*o - 5*o = 0. List the prime factors of c.
2
Suppose 0 = 5*y + 3*a - 53, 0 = 3*y - 2*y + 2*a - 5. Suppose n - y = 89. What are the prime factors of n?
2, 3, 17
Let z = 2 - 16. Let v be ((-9 - -7) + 5)*(-62)/(-6). Let r = z + v. List the prime factors of r.
17
Let t(p) = -p**2 + p - 1. Let u be t(0). Let i be 1 + -1 - -1 - u. What are the prime factors of 58/i + (4 - 0)?
3, 11
Let b(z) = -z**2 - 4*z + 391. List the prime factors of b(0).
17, 23
Suppose 0 = -k - 39 + 123. List the prime factors of k.
2, 3, 7
Let v = -1 + 6. Suppose 2*y - 33 = v*y. Let d = -6 - y. List the prime factors of d.
5
Let p(c) = 8*c**2 - 10*c - 25. List the prime factors of p(11).
7, 17
Suppose x - 7 = -4. Suppose -x*u + 450 - 171 = 0. What are the prime factors of u?
3, 31
Suppose -3*z = 5 - 17. Suppose z*t + 6*t = 1680. What are the prime factors of t?
2, 3, 7
Suppose 75 = 4*k - 2*o - 7, 3*k - 62 = o. Suppose k = 4*n - 111. What are the prime factors of n?
3, 11
Let c(h) = 96*h - 64. List the prime factors of c(10).
2, 7
Let t(b) = -1095*b + 68. List the prime factors of t(-3).
7, 479
Let h = 2006 - -1054. List the prime factors of h.
2, 3, 5, 17
Let r(v) be the second derivative of -v**5/20 + 2*v**4/3 - 2*v**3/3 - 3*v**2 + 7*v. Let y(s) = s**2 - 6*s + 5. Let l be y(6). List the prime factors of r(l).
7
Let u(h) = -3*h**3 - 5*h**2 + 5*h - 12. Let g(c) = c**3 - c**2 + 1. Let f(k) = 4*g(k) + u(k). Suppose -2*a - 6 = -24. What are the prime factors of f(a)?
37
Let m(l) be the third derivative of -l**4/3 - 2*l**3/3 - 2*l**2. Let n be m(-9). Suppose -1 = -3*u + n. What are the prime factors of u?
23
Let k = -875 - -1585. What are the prime factors of k?
2, 5, 71
Let g = -1090 + 2752. List the prime factors of g.
2, 3, 277
Let m be (-75)/(-15) - (0 - -1). Suppose 1 = -2*l - 5*i, -l + 2*i - 1 = -5. Suppose l = m*s - 126. What are the prime factors of s?
2
Suppose 14 = -2*k + 3*k. Suppose 2*x - x = -5*d - 4, 0 = 3*d + 5*x + 20. List the prime factors of d/1 - (-378)/k.
3
Suppose 4*l = 4*h - 124, 0 = 4*h - 0*h - l - 109. Let y = 30 - h. Suppose 0 = -y*o + 11*o - 42. List the prime factors of o.
2, 3
Let l(o) = 135*o - 53. Let m be l(19). Suppose 12*y - m = 4*y. List the prime factors of y.
2, 157
Let r(k) = 320*k - 5. Let x be 4*(30/(-8) - (-11 - -7)). List the prime factors of r(x).
3, 5, 7
Suppose 209 = 13*a - 675. List the prime factors of a.
2, 17
Let j(o) = -2*o**2 + 11*o. Let s be j(-6). Let d = -52 - s. What are the prime factors of d?
2, 43
Let v = -177 - -650. What are the prime factors of v?
11, 43
List the prime factors of (-16)/(-8) - -391*1.
3, 131
Suppose 4 = -3*s + 13. Let m(l) = -s*l + 1 + 2 + 2*l - 1. What are the prime factors of m(0)?
2
Suppose 0 = -2*n + x - 12, -n + 3*x - 8*x - 6 = 0. Let t be (40/(-12))/((-2)/n). Let q = t + 16. List the prime factors of q.
2, 3
Suppose -4*w = -w. Suppose 3*a - 7 - 5 = w. Suppose -n + 0*n = 4*d - 15, -a*n = -4*d - 140. What are the prime factors of n?
31
Let m be (63/14)/(3/8). Let u(z) = -14 - 5*z + 23 - m. List the prime factors of u(-5).
2, 11
Suppose -d + 57 = -96. Let k = d - 86. Let a = k - 24. List the prime factors of a.
43
Let q = 723 + 171. List the prime factors of q.
2, 3, 149
Suppose 14210 = 4*h - 2*o, 0 = -2*h - 2*o - 0*o + 7120. List the prime factors of h.
3, 5, 79
Let m = 1950 + 1561. What are the prime factors of m?
3511
Let x(s) = -s**3 - 4*s**2 - 2*s + 3. Let m be x(-5). Let n be -3 + m/4*2. Let a = n - -7. List the prime factors of a.
23
Let k(p) be the second derivative of p**3 - 11*p**2/2 + 3*p. Let r be k(13). Let f = r - 42. List the prime factors of f.
5
Let f = 1 - -2. Suppose 0 = -5*q + 2*q + 2*i - 6, -q + 9 = f*i. Suppose -5*d - 4*t + 57 = -q*d, 21 = d + 4*t. What are the prime factors of d?
3
Suppose 21*l + 863 = h + 26*l, 4343 = 5*h - 3*l. List the prime factors of h.
2, 7, 31
Let x be -2*1/2*1*-2. Suppose x*h - 4*c = 274, 5*h - 3 = 3*c + 696. What are the prime factors of h?
3, 47
Suppose -57*c = -53*c + 648. Let o = 335 + c. List the prime factors of o.
173
List the prime factors of (-1 - (-81)/36)*156.
3, 5, 13
Suppose -3*r - g + 553 = 0, 2*r + 5*g = r + 203. What are the prime factors of r?
3, 61
Suppose 2*u + 2*t = -2*t + 6, -4*u = -t - 12. Suppose g + u*g = 0. Suppose -2*p - d = -66, g = 2*p - 2*d - d - 74. What are the prime factors of p?
2, 17
What are the prime factors of 311/((-3)/9 - 6/(-9))?
3, 311
Let t = 178 - 9. What are the prime factors of t?
13
Let x = 42 - 42. Suppose x = -15*v + 14*v + 103. What are the prime factors of v?
103
Let s be (2 + (-6)/2)*4. What are the prime factors of 1*12/s + 62?
59
Let h be (-42*(1 + -3))/(1 + 0). Suppose 8*y - 7*y = h. What are the prime factors of y?
2, 3, 7
Let x(p) = 8*p - 9. Let f = 17 + -17. Let y = 4 + f. What are the prime factors of x(y)?
23
Let f be (12/(-10))/((-15)/50). Suppose -4*t = 4*w + 56, f*t + 0 = w + 19. Let u = 14 - w. What are the prime factors of u?
29
Suppose -j - i + 62 = 0, -i = 2*j - 4*j + 133. Let n = 78 - j. List the prime factors of n.
13
Let q(n) = n**2 - 4*n - 7. Let y be q(6). Suppose 0 = -a - 3, -2*a = -y*j + a + 344. What are the prime factors of j?
67
Let w(a) = -313*a - 1. Let n be w(-2). Suppose -22*p = -27*p + n. List the prime factors of p.
5
Let i = 14 + -14. Suppose -4*c - 3*v - 113 = i, v + 19 - 152 = 4*c. Let w = 53 + c. List the prime factors of w.
3, 7
Let d = 18 - 26. Let x be (-34)/d + 6/(-24). Suppose -x*b + 75 = -b. List the prime factors of b.
5
Suppose -5 = -s - 1. Let f be 1*-8 + s - -10. Let l(b) = 6*b + 18. What are the prime factors of l(f)?
2, 3
Suppose p + 4*t + 5 = -0*p, -9 = -